8. Calculate t(33).
-1357
Let a(t) = 171*t**2 - 4270*t + 125. Calculate a(25).
250
Let l(t) = -3*t**2 - 64*t - 434. Give l(-32).
-1458
Let g(z) = 278*z - 8721. Determine g(31).
-103
Let y(k) = -380*k - 3050. Calculate y(-3).
-1910
Let y(w) = -2*w**2 - 55*w - 376. What is y(-11)?
-13
Let h(t) = -4547*t + 13965. Calculate h(3).
324
Let a(c) = -c**3 + 231*c**2 - 4208*c - 2411. Determine a(211).
121
Let d(j) = 563*j**2 + 28674*j - 30. Calculate d(-51).
1959
Let m(w) = 13*w**2 + 426*w - 65057. Determine m(-89).
2
Let s(l) = -14994*l + 15016. Give s(1).
22
Let d(f) = -25*f + 945. What is d(45)?
-180
Let d(p) = -2*p**2 + 226*p + 485. Calculate d(115).
25
Let u(h) = h**3 + 66*h**2 + 1341*h + 11986. Give u(-40).
-54
Let y(q) = q**3 - 6*q**2 + 2863*q + 31. Determine y(0).
31
Let x(f) = f**3 + 5*f**2 - 265*f - 1337. What is x(-5)?
-12
Let v(d) = -126006*d + 1764081. Give v(14).
-3
Let y(w) = w**3 + 65*w**2 - 384*w - 2177. What is y(-70)?
203
Let m(a) = -2*a**2 + 4872*a + 103195. What is m(-21)?
1
Let z(j) = 43749*j - 481258. Calculate z(11).
-19
Let u(g) = g**2 + 83181*g + 748577. Determine u(-9).
29
Let s(l) = 2*l**3 - 328*l**2 + 12560*l + 360. What is s(61)?
-6
Let d(j) = 3*j**3 + 116*j**2 + 350*j + 2127. What is d(-36)?
-105
Let t(o) = -o**3 - 129*o**2 - 715*o + 2822. Calculate t(-123).
-7
Let j(k) = -k**3 + 17*k**2 - 30*k - 206. Calculate j(6).
10
Let b(g) = 36*g**2 - 8495*g - 790. Calculate b(236).
-554
Let r(i) = 2977*i - 1718. Give r(1).
1259
Let v(d) = 2*d**2 - 136*d + 473. Give v(61).
-381
Let v(n) = -8976*n + 34796. Determine v(4).
-1108
Let o(t) = -88649*t + 6560031. Calculate o(74).
5
Let q(l) = 88*l - 103. Determine q(-19).
-1775
Let c(s) = s**3 - 109*s**2 + 130*s - 2288. Determine c(108).
88
Let n(z) = -11*z**2 + 259*z + 73. Determine n(21).
661
Let m(l) = -12108*l + 472199. What is m(39)?
-13
Let z(g) = 1070*g**2 - 8650*g - 96. Determine z(8).
-816
Let k(n) = -109*n - 46020. Calculate k(-424).
196
Let i(f) = f**3 + 38*f**2 + 212*f - 987. Give i(3).
18
Let l(n) = -7*n**2 + 5733*n + 11455. Give l(-2).
-39
Let z(g) = -2284*g - 6665. What is z(-3)?
187
Let c(l) = 17*l**3 - 2*l**2 + 169*l + 345. What is c(-2)?
-137
Let b(i) = 35*i**2 - 4535*i - 818. Determine b(129).
-3398
Let b(l) = -9*l**2 + 8955*l + 136339. Determine b(-15).
-11
Let k(w) = w**3 + 39*w**2 + 66*w + 91. Calculate k(-37).
387
Let a(p) = 18*p**2 + 2585*p - 3603. Calculate a(-145).
22
Let m(k) = -63*k + 12251. Determine m(189).
344
Let s(m) = -780*m - 136149. Determine s(-175).
351
Let g(k) = 792*k**2 + 6*k + 3. Give g(0).
3
Let c(o) = -498*o + 2841. Calculate c(7).
-645
Let a(d) = 7728*d + 30250. Calculate a(-4).
-662
Let j(n) = -16*n**2 + 290*n - 450. Calculate j(20).
-1050
Let y(a) = -17527*a - 350537. Calculate y(-20).
3
Let u(g) = 79*g**3 - 175*g**2 + 36*g - 3. Give u(2).
1
Let t(i) = -1038*i - 58106. Calculate t(-56).
22
Let k(o) = 8*o**3 - 164*o**2 + 229*o - 23. Determine k(19).
-4
Let p(c) = -c**2 + 702*c + 8585. Determine p(-12).
17
Let i(w) = -2*w**2 - 39*w + 576. Calculate i(10).
-14
Let u(x) = -57677*x - 288411. Determine u(-5).
-26
Let i(s) = -12*s**2 - 13388*s - 839205. Give i(-1049).
-5
Let v(d) = 2085*d + 60407. Give v(-29).
-58
Let u(r) = -4*r**3 + 1051*r**2 + 224*r + 10188. Give u(263).
-69
Let u(o) = -5901*o + 1038518. What is u(176)?
-58
Let u(s) = -6872*s**2 + 41243*s - 60. Calculate u(6).
6
Let q(u) = u**3 + 1701*u**2 + 701308*u + 7032. What is q(-702)?
12
Let o(y) = -2*y**2 - 2901*y - 8689. Determine o(-3).
-4
Let l(g) = g**3 + 18*g**2 - 330*g - 86. Determine l(-31).
-2349
Let p(m) = -m**2 - 9187*m - 3245386. What is p(-368)?
6
Let j(l) = -936*l - 406268. What is j(-434)?
-44
Let f(y) = -138*y**2 + 3844*y + 567. Calculate f(28).
7
Let a(w) = -3430*w - 61740. Calculate a(-18).
0
Let q(g) = 3909*g - 132929. Determine q(34).
-23
Let m(a) = 2*a**3 - 147*a**2 - 17110*a + 1260665. What is m(74)?
1
Let o(t) = -11455*t + 148091. Determine o(13).
-824
Let d(c) = -2851*c + 45527. What is d(16)?
-89
Let s(u) = u**3 - 195*u**2 - 586*u - 1594. Give s(198).
-10
Let o(b) = 13*b**2 - 7071*b + 21185. Calculate o(3).
89
Let d(h) = 7*h**2 - 2802*h + 164219. Determine d(329).
48
Let s(d) = -392*d + 102106. Determine s(264).
-1382
Let u(b) = b**2 - 10173*b - 214082. Determine u(-21).
-8
Let q(v) = -174*v**2 - 533*v - 13. Calculate q(-3).
20
Let d(p) = -17*p**2 - 213*p - 328. Determine d(-11).
-42
Let j(t) = t**3 - 162*t**2 + 105*t + 9255. Calculate j(161).
239
Let d(p) = -4*p**2 - 1499*p - 87243. What is d(-303)?
-282
Let f(p) = -p**3 - 16*p**2 + 1074*p + 18003. Determine f(-17).
34
Let w(c) = 12*c**2 + 195*c + 390. Calculate w(-14).
12
Let h(c) = 587*c + 352783. Give h(-601).
-4
Let u(t) = -382*t + 21356. Determine u(56).
-36
Let l(z) = -47*z**2 - 3146*z - 32941. What is l(-13)?
14
Let t(a) = -a**3 + 516*a**2 + 6333*a + 1485. Give t(528).
-99
Let p(l) = -563*l**2 - 2746*l + 324. Give p(-5).
-21
Let z(g) = -g**3 + 36*g**2 - 304*g + 103. What is z(23)?
-12
Let q(z) = 2*z**3 + 15*z**2 + 1474*z + 5721. Determine q(-4).
-63
Let t(m) = -m**3 + 23*m**2 + 68*m - 505. Calculate t(25).
-55
Let b(t) = -3*t**3 - 497*t**2 + 2743*t + 1061. Calculate b(-171).
-136
Let o(y) = 51597*y + 567565. Give o(-11).
-2
Let i(q) = q**3 - 203*q**2 + 5*q - 756. Determine i(203).
259
Let o(x) = -256*x - 1501. Calculate o(-12).
1571
Let w(a) = 12*a**3 + 6*a**2 - 48*a - 15. Calculate w(4).
657
Let b(d) = 3*d**3 - 166*d**2 + 1955*d + 841. Give b(38).
43
Let b(t) = 2*t**3 + 55*t**2 + 198*t + 4015. Determine b(-26).
895
Let t(r) = r**3 + 68*r**2 + 169*r + 6903. Calculate t(-67).
69
Let v(i) = -5*i**3 - 858*i**2 - 513*i - 295. What is v(-171)?
-295
Let c(o) = o**2 - 486*o - 7563. Calculate c(-16).
469
Let k(h) = -2*h**3 - 227*h**2 + 1145*h + 65536. What is k(-116)?
-4
Let u(d) = d**3 + 7*d**2 + 255422*d + 1532493. Determine u(-6).
-3
Let b(r) = 2*r**3 - 193*r**2 + 1206*r - 3231. Calculate b(90).
9
Let g(n) = -2*n**2 - 29*n + 126. Determine g(5).
-69
Let o(t) = -t**3 - 30*t**2 + 215*t + 30. Calculate o(-36).
66
Let a(b) = 21*b**2 + 2956*b - 301. What is a(-141)?
404
Let h(a) = 4*a**2 - 77*a - 8693. Give h(57).
-86
Let n(z) = 313*z + 7879. What is n(-35)?
-3076
Let c(j) = 2*j**2 - 212*j - 27120. Calculate c(181).
30
Let p(x) = -x**2 - 3381*x + 16930. What is p(5)?
0
Let p(y) = -22*y**2 - 1276*y + 106. Calculate p(-58).
106
Let a(j) = -j**3 + 84*j**2 + 213*j - 30778. Determine a(82).
136
Let s(i) = -2*i**3 + 2*i**2 + 2488*i + 12425. Calculate s(-5).
285
Let j(l) = l**3 + 30*l**2 - 152*l - 4537. What is j(-30)?
23
Let v(d) = 88*d**2 + 18481*d + 185. Determine v(-210).
-25
Let n(y) = -y**2 - 71*y + 53806. Give n(-271).
-394
Let k(m) = 18057*m - 325338. Determine k(18).
-312
Let j(z) = 8673*z + 76903. Calculate j(-9).
-1154
Let c(f) = 5*f**2 + 3126*f - 126009. Determine c(38).
-1
Let i(s) = 595*s**2 + 1163*s - 42. Determine i(-2).
12
Let r(t) = -81*t + 2736. Calculate r(34).
-18
Let a(i) = i**3 - 81*i**2 + 4*i + 259. Determine a(81).
583
Let u(t) = -2*t**3 + 446*t**2 + 947*t - 308804. Determine u(222).
-2
Let k(c) = 12*c**2 - 203*c - 2863. What is k(-13)?
1804
Let q(c) = 1094*c - 57994. What is q(53)?
-12
Let j(o) = -15139*o - 45517. Determine j(-3).
-100
Let f(h) = -55*h**3 + 7591*h**2 - 163*h + 3463. Determine f(138).
13
Let h(p) = p**3 - 129*p**2 + 2133*p - 4800. Calculate h(110).
-70
Let c(m) = -8*m**3 - m**2 - 24*m + 1. Give c(4).
-623
Let v(m) = -2*m**2 + 7315*m + 169304. Determine v(-23).
1
Let a(o) = 4*o**3 + 15*o**2 + 9*o + 58. Determine a(-4).
6
Let d(z) = -11*z**2 + 142*z - 2711. Give d(0).
-2711
Let c(r) = r**3 + 121*r**2 - 627*r - 61596. Give c(-122).
14
Let i(q) = 109*q + 1488. What is i(-26)?
-1346
Let i(m) = 8*m**3 - 40*m**2 + 435*m - 2164. What is i(5)?
11
Let s(w) = 8*w**2 + 379*w - 1749. Determine s(-52).
175
Let r(z) = z**3 - 183*z**2 + 7554*z + 361. Determine r(63).
-17
Let y(n) = 6252*n + 12667. Determine y(-2).
163
Let z(x) = -5*x**3 + 390*x**2 - 34*x + 3237. Determine z(78).
585
Let q(y) = -y**3 - 94*y**2 + 400*y + 832. Determine q(-98).
48
Let a(t) = 2*t**3 - 41*t**2 - 80*t + 67. Give a(22).
-241
Let l(f) = -2*f**2 - 449273*f + 3145025. Determine l(7).
16
Let h(x) = x**3 - 66*x**2 + 729*x - 2127. What is h(53)?
-7
Let c(b) = -9*b**2 - 1611*b + 1625. Determine c(-180).
5
Let q(g) = 117*g**2